09)/(-13) - 8/52 composite?
True
Let o = -7 - -12. Suppose -q = o*m - 190, m + 0*q = 2*q + 38. Is m composite?
True
Let w(q) = 2*q - 9. Let a be w(8). Let f = a - 4. Suppose -3*j + 6*j + f*s = 750, -4*j - 2*s + 1006 = 0. Is j composite?
True
Let u(o) = o**3 - 4*o**2 - 5*o. Let x be u(6). Suppose -2*q + 4*t = -x, -2*q = -5*t + 27 - 68. Is q composite?
False
Suppose 216 = 5*l - 139. Is l a composite number?
False
Let h(i) = i**2 - 10*i + 11. Let p be -2*(-15)/6 - 3. Let q(d) = 3*d**2 - 1. Let x be q(p). Is h(x) prime?
False
Let l be 0 - 1 - 21468/(-6). Let z = -2501 + l. Suppose 4*t + k = 630, 3*k + 285 - z = -5*t. Is t composite?
False
Suppose -2*l + 29 = -5*g, 0 = -3*l + g + g + 16. Suppose -j - l*j = -705. Is j composite?
True
Let g be 0/((-3)/(-1)) - -29. Suppose a + 1 = -j + g, j - 28 = a. Let c = j - 17. Is c a prime number?
True
Is 453*(-204)/(-90) + (-2)/(-10) a prime number?
False
Suppose 0*w = -3*w + 18. Suppose 0 = -3*k + w*i - 3*i + 3, -5*i - 6 = -4*k. Is 66/3 - (k + 1) a composite number?
True
Suppose 6*u - u = 635. Is u a prime number?
True
Suppose t + 0*f = -4*f + 1359, -4*t - 5*f = -5392. Is t a composite number?
True
Suppose -5*l + 5*p = -25, -p = -2*l + 2*p + 12. Suppose 0 = h + l*h - 188. Is h prime?
True
Let k(y) = 176*y + 33. Is k(8) prime?
False
Let u = 7 - 5. Suppose -r - 19 = -u*r. Is r a composite number?
False
Suppose -6*t = -8*t + 478. Is t prime?
True
Is (1 - -2)*1 + 436/2 composite?
True
Let i(m) be the third derivative of m**5/30 - m**4/8 - m**3/6 + 4*m**2. Is i(6) a prime number?
True
Let n = -2506 + 4743. Is n a prime number?
True
Suppose 4*c - 3 - 9 = 0. Suppose -c*u + 0*u = -153. Is u a prime number?
False
Let i(j) = -163*j - 10. Is i(-3) a composite number?
False
Let j(g) = -g**3 + g - 4. Let s be j(0). Is ((-57)/s)/(12/32) a composite number?
True
Let f(p) = 118*p + 3. Let s(c) = -59*c - 2. Let z(a) = 6*f(a) + 11*s(a). Is z(5) a composite number?
True
Let f = 12 - 8. Let t = f - 8. Is (-2)/t*(65 - -3) a composite number?
True
Is -2 - 0 - (5 + -42) composite?
True
Suppose 0 = x - 6*x + 15. Suppose -4*y - 101 = -3*k, -x*k + 3*y = 5*y - 107. Is k a composite number?
True
Let h = -182 - -331. Is h a prime number?
True
Let c = -150 + 309. Is c prime?
False
Is -2 + 126 + 1 + 2 composite?
False
Let v = 19721 - 11442. Is v prime?
False
Let x(u) = -u + 9. Let b be x(5). Suppose 0*r + b = r. Let z = 8 - r. Is z prime?
False
Let f be 4/12*(-1 - -13). Suppose -f*a + 314 = 130. Is a prime?
False
Suppose -32 = -0*s - 4*s. Let q be (-50)/s - 1/(-4). Let i(c) = c**2 + c + 1. Is i(q) composite?
False
Suppose -4*z - 118 = -2. Let g = z - -50. Is g a prime number?
False
Let q(v) = v**2 - 4*v - 6. Let d be q(6). Let c be d/3 - (-13 - -1). Suppose -c = 4*u - 66. Is u a prime number?
True
Let k(j) = j**3 + 5*j**2 + 3*j - 4. Let w be k(-3). Suppose -w*f + 46 = 4*t - 3*f, -5*f = -25. Is t a composite number?
True
Suppose 2*p + 3*j = 21 + 104, -5*p + 285 = 2*j. Is p a prime number?
False
Suppose 0 = 2*a + 4. Let d = 16 + a. Is d a prime number?
False
Let g(b) be the second derivative of 5/3*b**4 + 0 + 3*b + 1/2*b**2 - 1/3*b**3. Is g(1) composite?
False
Let g = -46 + 123. Is g a composite number?
True
Let a = 2256 + -1503. Is a composite?
True
Let d be (-1096)/2 - 1 - 0. Let u = 315 - d. Suppose -3*l + 3*v = -u, -271 - 37 = -l - 3*v. Is l a composite number?
False
Let b(q) = 2*q**2 + 2*q - 1. Let m be b(-2). Suppose -10 = 5*f - m*f. Is ((-19)/4)/(f/40) composite?
True
Let d(o) = -26*o**3 + o**2 + 5*o + 3. Is d(-2) prime?
False
Let w be -2 + 3 + -1 + -10. Let c be (-104)/w*(-10)/(-2). Suppose -5*q + q = -c. Is q composite?
False
Let n(z) = 10*z - 37. Is n(9) prime?
True
Let p(r) = 3*r**2 + 1. Let a be p(1). Suppose 0 = a*g - 5*g + 117. Suppose -4*b + b = -g. Is b a composite number?
True
Let g = 790 - 348. Suppose -5*m + 1557 - g = 0. Is m a composite number?
False
Let r(q) = q + 2. Let o be r(-1). Suppose x - o - 2 = 0. Suppose x*l = 3, -7*l + 38 = 3*n - 2*l. Is n a composite number?
False
Let v = 253 - -328. Is v a composite number?
True
Let v(x) = x**2 - x + 10. Let c(p) = -3*p - 2. Let m be c(2). Let y be v(m). Is (1 + y)/((-2)/(-2)) a composite number?
False
Suppose -4*s + 7*s - 2*l - 633 = 0, -3*s = -5*l - 642. Is s a composite number?
True
Let o = 11 - 9. Let h(z) = -z - 2*z**2 + 5 - z - o*z**3 + 5*z + 0*z. Is h(-4) composite?
False
Let g be (-2 - 4)*4/6. Let t be g/6 + (-596)/6. Let s = t + 261. Is s composite?
True
Is 4/(-3) + 6/((-90)/(-2165)) prime?
False
Let q = 55 + 32. Is q composite?
True
Let h be 0 + 41 + -1 + 2. Let g be ((-6)/9)/((-4)/h). Let n(m) = -m**2 + 18*m - 10. Is n(g) composite?
False
Suppose 4*a - 4*y - 1256 = 0, a = 5*a + 3*y - 1291. Is a a prime number?
False
Let q(u) = 22*u + 4. Let v be q(3). Let x be -4 + 34 - (-2 - 1). Let y = v - x. Is y prime?
True
Let p be (4/3)/(6/81). Is -3*-1*p + -3 prime?
False
Suppose 0 = y + 2, 7*y - 12 = -4*l + 3*y. Let a = l - -72. Is a a prime number?
False
Let i(l) = -l**3 + 8*l + 4. Is i(-7) composite?
True
Suppose 5*u + 28 = 4*g, 22 = 5*g + 3*u - 6*u. Let y be g/(-7) + 111/21. Suppose y*j = -2*l + 29, -4*j + 4*l = 5*l - 25. Is j a prime number?
True
Let q = -5 + 8. Suppose 3*u + q = 4*u. Is u a composite number?
False
Is 3306 + 9/(7 + -4) a prime number?
False
Let g(x) = x**2 + 13. Is g(18) a prime number?
True
Suppose 0 = 2*b - 4*x - 10, 2*b - 4*b - 3*x = 18. Is b/9*(-62 + -1) a composite number?
True
Suppose -12*v + 16*v - 4012 = 0. Is v prime?
False
Suppose 0 = z - 490 + 1924. Let w be z/(-8)*(-40)/(-15). Suppose 3*v = w - 115. Is v a prime number?
False
Suppose -y - 3347 = 5*b - 0*y, 3*b + y + 2007 = 0. Is 6/(-9) - b/6 prime?
False
Suppose -2*b = f - 0*f - 7, -f = 5*b - 13. Let c(g) = 7*g. Is c(b) prime?
False
Let h(j) = 32*j**2 - 10 + 6 + 7*j**2 + 3. Is h(2) prime?
False
Let h(b) = 2*b**3 + 2*b**2 + 2. Let f be h(-2). Let l be (-2)/(8/f)*-24. Let q = l - -67. Is q prime?
True
Suppose -15 = -5*k - 0. Let w be -2 + (28 - 0)/4. Suppose -w*c - 72 + 290 = k*f, 0 = 5*f - 5. Is c composite?
False
Let s(v) = -4*v**3 - 2*v**2 + 9*v - 1. Is s(-4) composite?
True
Let p = 23 - 21. Suppose -110 = 5*y - 10*y. Suppose 0 = s - p*s + y. Is s composite?
True
Suppose 0*j = 2*j + 358. Let o = -124 - j. Is o a composite number?
True
Suppose 0 = -2*y + 4*a + 14254, y + 7139 = 2*y + a. Is y a composite number?
True
Suppose -2*z = -n + 1659, -5*z - 16 = -z. Is n a prime number?
False
Let u(t) = t**2 + 5*t - 3. Let l be u(-5). Let o be (-1)/(3/l) + 3. Suppose -1 - 1 = 5*y + 4*w, -w = -o*y + 11. Is y a prime number?
True
Let r(o) = o**3 + o**2. Let z be r(0). Suppose z*u - 596 = -4*u. Is u a composite number?
False
Is (-765 + (-6)/3)*-1 a prime number?
False
Suppose 38 + 58 = 3*i. Let c(h) = -h + 10. Let j be c(7). Suppose 5*a - u - 90 = 0, -j*a - u + 30 + i = 0. Is a a prime number?
True
Suppose 3*f = -0*f + 558. Suppose 3*t = -0*t + f. Is t composite?
True
Let a(r) = 29*r - 3. Let h be a(7). Let q = 11 + h. Is q prime?
True
Let t = 4884 + -3281. Is t composite?
True
Suppose -2107 = -4*d + 1641. Is d composite?
False
Let c(p) = 3*p - 2. Let h be c(2). Let l = -5 + 7. Suppose -l*r - 2*y = -y - 30, -3*y + 62 = h*r. Is r a prime number?
False
Suppose -g - 1 = -2*g. Is (71 + (-1 - g))/1 a composite number?
True
Let t(o) = -2*o**3 + 2*o**2 - 3*o - 6. Is t(-4) composite?
True
Let f(k) = -374*k - 49. Is f(-3) composite?
True
Let c(s) = 121*s**2 + s - 1. Is c(1) a prime number?
False
Let a(p) = p**3 + p**2 + 0*p + 0*p**3 + 38 - 2*p + p. Is a(0) composite?
True
Let i = 7301 + -1186. Is i a prime number?
False
Let h = 217 - -202. Is h composite?
False
Let f = -3 - -6. Let g be 29/2 - f/(-6). Is (-3)/g + (-106)/(-5) composite?
True
Let w be -1 - (0/1 - -1). Let k = 4 + -5. Is -118*(-1 + k/w) a prime number?
True
Let t = 1 - -3. Suppose -t*y + y = -15. Suppose 5*c - 48 = 5*s - 8, -y*c + 38 = -4*s. Is c a composite number?
True
Let d(l) = 522*l + 2. Let v be d(1). Let h = v + -363. Is h a prime number?
False
Let s be 188/36 - 6/27. Suppose 4*o + 0*f = -f + 213, -s*f - 260 = -5*o. Suppose 4*x = 361 - o. Is x a prime number?
False
Let p = -198 + 321. Suppose p = 3*z - 312. Is z a composite number?
True
Let n = 47 + 71. Is n composite?
True
Suppose -w - 2*w + 2*u = -1117, -4*w + 2*u + 1490 = 0. Is w com